{"id":1713,"date":"2025-08-30T16:28:21","date_gmt":"2025-08-30T16:28:21","guid":{"rendered":"https:\/\/samanuisette.com\/?post_type=product&#038;p=1713"},"modified":"2026-03-08T20:43:18","modified_gmt":"2026-03-08T20:43:18","slug":"dentelle-broderie-bleu","status":"publish","type":"product","link":"https:\/\/samanuisette.com\/?product=dentelle-broderie-bleu","title":{"rendered":"Luxueuse broderie bleue"},"content":{"rendered":"","protected":false},"excerpt":{"rendered":"","protected":false},"featured_media":1714,"comment_status":"open","ping_status":"closed","template":"","meta":{"_joinchat":[]},"product_brand":[],"product_cat":[115],"product_tag":[],"class_list":{"0":"post-1713","1":"product","2":"type-product","3":"status-publish","4":"has-post-thumbnail","6":"product_cat-ensembles-irresistibles","8":"first","9":"instock","10":"shipping-taxable","11":"purchasable","12":"product-type-simple"},"yoast_head":"<!-- This site is optimized with the Yoast SEO plugin v25.8 - https:\/\/yoast.com\/wordpress\/plugins\/seo\/ -->\n<title>Dentelle Broderie Bleu \u2013 Sama Nuisette S\u00e9n\u00e9gal<\/title>\n<meta name=\"description\" content=\"Lingerie en dentelle brod\u00e9e bleu, sexy et \u00e9l\u00e9gante. Confort doux et maintien parfait pour une silhouette mise en valeur. Disponible \u00e0 Dakar\" \/>\n<meta name=\"robots\" content=\"index, follow, max-snippet:-1, max-image-preview:large, max-video-preview:-1\" \/>\n<link rel=\"canonical\" href=\"https:\/\/samanuisette.com\/?product=dentelle-broderie-bleu\" \/>\n<meta property=\"og:locale\" content=\"fr_FR\" \/>\n<meta property=\"og:type\" content=\"article\" \/>\n<meta property=\"og:title\" content=\"Dentelle Broderie Bleu \u2013 Sama Nuisette S\u00e9n\u00e9gal\" \/>\n<meta property=\"og:description\" content=\"Lingerie en dentelle brod\u00e9e bleu, sexy et \u00e9l\u00e9gante. Confort doux et maintien parfait pour une silhouette mise en valeur. Disponible \u00e0 Dakar\" \/>\n<meta property=\"og:url\" content=\"https:\/\/samanuisette.com\/?product=dentelle-broderie-bleu\" \/>\n<meta property=\"og:site_name\" content=\"Samanuisette\" \/>\n<meta property=\"article:modified_time\" content=\"2026-03-08T20:43:18+00:00\" \/>\n<meta name=\"twitter:card\" content=\"summary_large_image\" \/>\n<meta name=\"twitter:label1\" content=\"Dur\u00e9e de lecture estim\u00e9e\" \/>\n\t<meta name=\"twitter:data1\" content=\"1 minute\" \/>\n<script type=\"application\/ld+json\" class=\"yoast-schema-graph\">{\"@context\":\"https:\/\/schema.org\",\"@graph\":[{\"@type\":\"WebPage\",\"@id\":\"https:\/\/samanuisette.com\/?product=dentelle-broderie-bleu\",\"url\":\"https:\/\/samanuisette.com\/?product=dentelle-broderie-bleu\",\"name\":\"Dentelle Broderie Bleu \u2013 Sama Nuisette S\u00e9n\u00e9gal\",\"isPartOf\":{\"@id\":\"https:\/\/samanuisette.com\/#website\"},\"primaryImageOfPage\":{\"@id\":\"https:\/\/samanuisette.com\/?product=dentelle-broderie-bleu#primaryimage\"},\"image\":{\"@id\":\"https:\/\/samanuisette.com\/?product=dentelle-broderie-bleu#primaryimage\"},\"thumbnailUrl\":\"https:\/\/samanuisette.com\/wp-content\/uploads\/2025\/08\/H6ea74707166b461bb88442feb3c91bc6x.avif\",\"datePublished\":\"2025-08-30T16:28:21+00:00\",\"dateModified\":\"2026-03-08T20:43:18+00:00\",\"description\":\"Lingerie en dentelle brod\u00e9e bleu, sexy et \u00e9l\u00e9gante. Confort doux et maintien parfait pour une silhouette mise en valeur. Disponible \u00e0 Dakar\",\"breadcrumb\":{\"@id\":\"https:\/\/samanuisette.com\/?product=dentelle-broderie-bleu#breadcrumb\"},\"inLanguage\":\"fr-FR\",\"potentialAction\":[{\"@type\":\"ReadAction\",\"target\":[\"https:\/\/samanuisette.com\/?product=dentelle-broderie-bleu\"]}]},{\"@type\":\"ImageObject\",\"inLanguage\":\"fr-FR\",\"@id\":\"https:\/\/samanuisette.com\/?product=dentelle-broderie-bleu#primaryimage\",\"url\":\"https:\/\/samanuisette.com\/wp-content\/uploads\/2025\/08\/H6ea74707166b461bb88442feb3c91bc6x.avif\",\"contentUrl\":\"https:\/\/samanuisette.com\/wp-content\/uploads\/2025\/08\/H6ea74707166b461bb88442feb3c91bc6x.avif\",\"width\":1340,\"height\":1785},{\"@type\":\"BreadcrumbList\",\"@id\":\"https:\/\/samanuisette.com\/?product=dentelle-broderie-bleu#breadcrumb\",\"itemListElement\":[{\"@type\":\"ListItem\",\"position\":1,\"name\":\"Accueil\",\"item\":\"https:\/\/samanuisette.com\/\"},{\"@type\":\"ListItem\",\"position\":2,\"name\":\"Boutique\",\"item\":\"https:\/\/samanuisette.com\/?page_id=1005\"},{\"@type\":\"ListItem\",\"position\":3,\"name\":\"Luxueuse broderie bleue\"}]},{\"@type\":\"WebSite\",\"@id\":\"https:\/\/samanuisette.com\/#website\",\"url\":\"https:\/\/samanuisette.com\/\",\"name\":\"Samanuisette\",\"description\":\"\",\"potentialAction\":[{\"@type\":\"SearchAction\",\"target\":{\"@type\":\"EntryPoint\",\"urlTemplate\":\"https:\/\/samanuisette.com\/?s={search_term_string}\"},\"query-input\":{\"@type\":\"PropertyValueSpecification\",\"valueRequired\":true,\"valueName\":\"search_term_string\"}}],\"inLanguage\":\"fr-FR\"}]}<\/script>\n<!-- \/ Yoast SEO plugin. -->","yoast_head_json":{"title":"Dentelle Broderie Bleu \u2013 Sama Nuisette S\u00e9n\u00e9gal","description":"Lingerie en dentelle brod\u00e9e bleu, sexy et \u00e9l\u00e9gante. Confort doux et maintien parfait pour une silhouette mise en valeur. Disponible \u00e0 Dakar","robots":{"index":"index","follow":"follow","max-snippet":"max-snippet:-1","max-image-preview":"max-image-preview:large","max-video-preview":"max-video-preview:-1"},"canonical":"https:\/\/samanuisette.com\/?product=dentelle-broderie-bleu","og_locale":"fr_FR","og_type":"article","og_title":"Dentelle Broderie Bleu \u2013 Sama Nuisette S\u00e9n\u00e9gal","og_description":"Lingerie en dentelle brod\u00e9e bleu, sexy et \u00e9l\u00e9gante. Confort doux et maintien parfait pour une silhouette mise en valeur. Disponible \u00e0 Dakar","og_url":"https:\/\/samanuisette.com\/?product=dentelle-broderie-bleu","og_site_name":"Samanuisette","article_modified_time":"2026-03-08T20:43:18+00:00","twitter_card":"summary_large_image","twitter_misc":{"Dur\u00e9e de lecture estim\u00e9e":"1 minute"},"schema":{"@context":"https:\/\/schema.org","@graph":[{"@type":"WebPage","@id":"https:\/\/samanuisette.com\/?product=dentelle-broderie-bleu","url":"https:\/\/samanuisette.com\/?product=dentelle-broderie-bleu","name":"Dentelle Broderie Bleu \u2013 Sama Nuisette S\u00e9n\u00e9gal","isPartOf":{"@id":"https:\/\/samanuisette.com\/#website"},"primaryImageOfPage":{"@id":"https:\/\/samanuisette.com\/?product=dentelle-broderie-bleu#primaryimage"},"image":{"@id":"https:\/\/samanuisette.com\/?product=dentelle-broderie-bleu#primaryimage"},"thumbnailUrl":"https:\/\/samanuisette.com\/wp-content\/uploads\/2025\/08\/H6ea74707166b461bb88442feb3c91bc6x.avif","datePublished":"2025-08-30T16:28:21+00:00","dateModified":"2026-03-08T20:43:18+00:00","description":"Lingerie en dentelle brod\u00e9e bleu, sexy et \u00e9l\u00e9gante. Confort doux et maintien parfait pour une silhouette mise en valeur. Disponible \u00e0 Dakar","breadcrumb":{"@id":"https:\/\/samanuisette.com\/?product=dentelle-broderie-bleu#breadcrumb"},"inLanguage":"fr-FR","potentialAction":[{"@type":"ReadAction","target":["https:\/\/samanuisette.com\/?product=dentelle-broderie-bleu"]}]},{"@type":"ImageObject","inLanguage":"fr-FR","@id":"https:\/\/samanuisette.com\/?product=dentelle-broderie-bleu#primaryimage","url":"https:\/\/samanuisette.com\/wp-content\/uploads\/2025\/08\/H6ea74707166b461bb88442feb3c91bc6x.avif","contentUrl":"https:\/\/samanuisette.com\/wp-content\/uploads\/2025\/08\/H6ea74707166b461bb88442feb3c91bc6x.avif","width":1340,"height":1785},{"@type":"BreadcrumbList","@id":"https:\/\/samanuisette.com\/?product=dentelle-broderie-bleu#breadcrumb","itemListElement":[{"@type":"ListItem","position":1,"name":"Accueil","item":"https:\/\/samanuisette.com\/"},{"@type":"ListItem","position":2,"name":"Boutique","item":"https:\/\/samanuisette.com\/?page_id=1005"},{"@type":"ListItem","position":3,"name":"Luxueuse broderie bleue"}]},{"@type":"WebSite","@id":"https:\/\/samanuisette.com\/#website","url":"https:\/\/samanuisette.com\/","name":"Samanuisette","description":"","potentialAction":[{"@type":"SearchAction","target":{"@type":"EntryPoint","urlTemplate":"https:\/\/samanuisette.com\/?s={search_term_string}"},"query-input":{"@type":"PropertyValueSpecification","valueRequired":true,"valueName":"search_term_string"}}],"inLanguage":"fr-FR"}]}},"_links":{"self":[{"href":"https:\/\/samanuisette.com\/index.php?rest_route=\/wp\/v2\/product\/1713","targetHints":{"allow":["GET"]}}],"collection":[{"href":"https:\/\/samanuisette.com\/index.php?rest_route=\/wp\/v2\/product"}],"about":[{"href":"https:\/\/samanuisette.com\/index.php?rest_route=\/wp\/v2\/types\/product"}],"replies":[{"embeddable":true,"href":"https:\/\/samanuisette.com\/index.php?rest_route=%2Fwp%2Fv2%2Fcomments&post=1713"}],"wp:featuredmedia":[{"embeddable":true,"href":"https:\/\/samanuisette.com\/index.php?rest_route=\/wp\/v2\/media\/1714"}],"wp:attachment":[{"href":"https:\/\/samanuisette.com\/index.php?rest_route=%2Fwp%2Fv2%2Fmedia&parent=1713"}],"wp:term":[{"taxonomy":"product_brand","embeddable":true,"href":"https:\/\/samanuisette.com\/index.php?rest_route=%2Fwp%2Fv2%2Fproduct_brand&post=1713"},{"taxonomy":"product_cat","embeddable":true,"href":"https:\/\/samanuisette.com\/index.php?rest_route=%2Fwp%2Fv2%2Fproduct_cat&post=1713"},{"taxonomy":"product_tag","embeddable":true,"href":"https:\/\/samanuisette.com\/index.php?rest_route=%2Fwp%2Fv2%2Fproduct_tag&post=1713"}],"curies":[{"name":"wp","href":"https:\/\/api.w.org\/{rel}","templated":true}]}}